and 101859.
57
What is the highest common divisor of 4828 and 144377719?
1207
What is the greatest common factor of 1007 and 13714333?
1007
Calculate the highest common factor of 4163127 and 12621.
1803
What is the highest common factor of 14445 and 5322780?
135
What is the greatest common divisor of 1161064747 and 4253?
4253
What is the greatest common factor of 578462 and 1265872?
2594
What is the highest common factor of 103390 and 515235?
245
Calculate the greatest common divisor of 2067236 and 20.
4
Calculate the highest common factor of 22 and 11360811.
11
What is the greatest common factor of 302 and 58993586?
302
Calculate the highest common divisor of 327510 and 44340.
30
What is the highest common divisor of 898037 and 119?
7
What is the greatest common divisor of 264 and 3153624?
24
What is the highest common divisor of 35796382 and 43?
43
Calculate the highest common divisor of 13050 and 74350.
50
What is the greatest common divisor of 688 and 15461209?
43
Calculate the greatest common factor of 17511740 and 7360.
460
What is the greatest common factor of 205454848 and 256?
256
What is the highest common divisor of 152 and 1185968?
8
Calculate the greatest common factor of 25656525 and 19190.
505
What is the greatest common divisor of 86750 and 4035610?
3470
What is the greatest common divisor of 76 and 268103642?
38
Calculate the highest common factor of 145 and 48621980.
145
What is the highest common factor of 1099086 and 73455?
249
What is the greatest common divisor of 7132548 and 108?
12
Calculate the highest common factor of 51480 and 806784.
264
What is the highest common divisor of 3110 and 4819878?
622
Calculate the greatest common divisor of 3721910 and 2546.
38
What is the greatest common divisor of 72 and 84068?
4
What is the greatest common factor of 13901933 and 1334?
29
Calculate the greatest common divisor of 448206 and 352.
22
What is the highest common factor of 76 and 24407764?
4
Calculate the highest common divisor of 1764 and 1406839.
49
What is the greatest common factor of 4756620 and 1188?
132
Calculate the greatest common factor of 260 and 7681895.
65
What is the greatest common divisor of 436329 and 1503?
9
What is the greatest common factor of 13966932 and 3192?
84
Calculate the greatest common divisor of 1133021205 and 5909.
5909
What is the greatest common factor of 254720 and 30976?
256
Calculate the highest common divisor of 149555667 and 873.
291
What is the greatest common divisor of 8 and 134479976?
8
Calculate the highest common factor of 4437521 and 37.
37
What is the greatest common factor of 995671220 and 5?
5
What is the greatest common divisor of 9 and 55467?
9
Calculate the highest common factor of 14304 and 643382.
298
What is the greatest common divisor of 25102 and 35179312?
2282
Calculate the greatest common factor of 1060488 and 96.
24
Calculate the greatest common factor of 1589634 and 23688.
846
What is the highest common factor of 619107555 and 165?
165
What is the highest common factor of 15379 and 150776899?
1183
Calculate the greatest common factor of 12232215 and 11745.
405
What is the highest common divisor of 77188 and 1018348?
92
Calculate the highest common divisor of 52862565 and 345.
15
What is the greatest common factor of 10460974 and 1010?
202
Calculate the highest common factor of 486 and 131931018.
486
Calculate the highest common factor of 120200 and 66800.
200
What is the highest common divisor of 277093 and 32517238?
7489
Calculate the highest common divisor of 148188866 and 62.
62
Calculate the highest common factor of 2001 and 4541313.
87
What is the highest common divisor of 162732 and 1704000?
852
Calculate the highest common divisor of 8412 and 6393821.
701
What is the greatest common factor of 280788932 and 13264?
3316
What is the greatest common divisor of 72362946 and 522?
174
What is the greatest common factor of 2575 and 5841851?
103
Calculate the greatest common divisor of 2896 and 65850696.
1448
Calculate the highest common factor of 712 and 8205978.
178
What is the greatest common factor of 1291584 and 16800?
672
Calculate the highest common factor of 16515340 and 3984.
332
What is the greatest common factor of 22050 and 906600?
150
What is the highest common divisor of 30527 and 5576494?
343
Calculate the highest common factor of 3453 and 18900571.
1151
What is the highest common divisor of 235 and 2727490?
5
What is the greatest common divisor of 17145 and 1815465?
1905
What is the greatest common factor of 2266862 and 104?
26
What is the highest common divisor of 13 and 26854529?
13
Calculate the highest common factor of 17441872 and 112.
112
What is the highest common divisor of 150 and 35855130?
30
What is the greatest common factor of 51351175 and 25?
25
Calculate the highest common divisor of 38638197 and 4875.
39
What is the greatest common divisor of 304 and 12695344?
304
What is the greatest common divisor of 16541855 and 110?
55
Calculate the highest common divisor of 468937 and 950840.
2161
What is the greatest common divisor of 76741984 and 1840?
368
Calculate the greatest common divisor of 286 and 283428574.
286
What is the greatest common divisor of 52 and 1688152?
4
What is the highest common factor of 14544 and 5548176?
144
What is the highest common factor of 8892 and 64080?
36
Calculate the highest common divisor of 224147 and 208243.
497
What is the highest common divisor of 1844 and 4676384?
1844
Calculate the greatest common divisor of 126940 and 30188.
4
What is the greatest common factor of 290 and 111695095?
145
Calculate the highest common factor of 15511089 and 4257.
1419
What is the highest common factor of 38659347 and 18?
9
Calculate the highest common divisor of 13294265 and 85.
5
What is the greatest common factor of 1082 and 982997?
541
Calculate the highest common divisor of 303387337 and 11.
11
Calculate the highest common factor of 8386695 and 3060.
765
Calculate the greatest common divisor of 4590 and 20730.
30
Calculate the highest common factor of 4629142086 and 573.
573
What is the highest common factor of 224576695 and 140?
35
What is the greatest common divisor of 597936 and 1488?
48
Calculate the greatest common factor of 323787 and 7807.
37
Calculate the highest common divisor of 220592448 and 684.
36
Calculate the greatest common factor of 390032447 and 932.
233
What is the highest common divisor of 90 and 178410366?
18
What is the greatest common factor of 5016 and 19751754?
1254
Calculate the greatest common factor of 82 and 384276641.
41
What is the greatest common factor of 159119632 and 224?
112
What is the greatest common divisor of 7054 and 385917286?
7054
What is the highest common factor of 3728 and 34036640?
3728
What is the highest common divisor of 74150591 and 11767?
1681
Calculate the highest common divisor of 5985 and 467145.
315
What is the greatest common divisor of 1852583 and 10789507?
7951
Calculate the greatest common factor of 21068 and 157.
1
What is the greatest common factor of 96 and 20230758?
6
What is the highest common factor of 22662605 and 35?
35
What is the highest common divisor of 428891 and 9454878?
4819
What is the greatest common factor of 45968 and 8501376?
2704
Calculate the highest common factor of 64110 and 3810.
30
What is the greatest common factor of 11252784 and 240?
48
Calculate the highest common divisor of 714378 and 1288.
14
Calculate the highest common factor of 1763 and 9421343.
43
What is the highest common divisor of 43124731 and 65956?
1499
Calculate the greatest common factor of 47909049 and 99024.
6189
Calculate the highest common factor of 30100 and 233100.
700
What is the highest common factor of 190254 and 152958?
222
Calculate the greatest common factor of 4580992 and 18512.
208
What is the highest common divisor of 89832789 and 9270?
927
Calculate the greatest common factor of 8619 and 6505577.
221
Calculate the greatest common divisor of 11856 and 155405484.
2964
What is the highest common factor of 80598 and 1338351?
2121
Calculate the highest common divisor of 152 and 8035955.
19
What is the greatest common divisor of 2775 and 7597395?
555
Calculate the highest common divisor of 37544160 and 34.
34
Calculate the highest common divisor of 12